{"id":125,"date":"2011-07-15T06:38:39","date_gmt":"2011-07-15T06:38:39","guid":{"rendered":"http:\/\/sandro.arcioni.ch\/?page_id=125"},"modified":"2011-09-01T18:34:44","modified_gmt":"2011-09-01T18:34:44","slug":"le-tourisme-vital-pour-l%e2%80%99economie-des-regions-est-un-moteur-de-notre-activite-economique","status":"publish","type":"page","link":"http:\/\/sandro.arcioni.ch\/?page_id=125","title":{"rendered":"Le tourisme, vital pour l\u2019\u00e9conomie des r\u00e9gions, est un moteur de notre activit\u00e9 \u00e9conomique"},"content":{"rendered":"<p>L\u2019industrie du tourisme peut faire mieux encore\u00a0! L\u2019Etat peut l\u2019aider par\u00a0:<\/p>\n<p>o\u00a0\u00a0\u00a0\u00a0\u00a0 le\u00a0 lien \u00e9troit avec le CIO et les F\u00e9d\u00e9rations internationales sportives afin d\u2019obtenir de grandes manifestations sportives, les Jeux olympiques ou autres \u00e9tapes sportives<\/p>\n<p>o\u00a0\u00a0\u00a0\u00a0\u00a0 la cr\u00e9ation de partenariats avec le monde agricole<\/p>\n<p>o\u00a0\u00a0\u00a0\u00a0\u00a0 harmoniser entre les Cantons les particularit\u00e9s touristiques sous forme de parcours touristiques<\/p>\n","protected":false},"excerpt":{"rendered":"<p>L\u2019industrie du tourisme peut faire mieux encore\u00a0! L\u2019Etat peut l\u2019aider par\u00a0: o\u00a0\u00a0\u00a0\u00a0\u00a0 le\u00a0 lien \u00e9troit avec le CIO et les F\u00e9d\u00e9rations internationales sportives afin d\u2019obtenir de grandes manifestations sportives, les Jeux olympiques ou autres \u00e9tapes sportives o\u00a0\u00a0\u00a0\u00a0\u00a0 la cr\u00e9ation de &hellip; <a href=\"http:\/\/sandro.arcioni.ch\/?page_id=125\">Continue reading <span class=\"meta-nav\">&rarr;<\/span><\/a><\/p>\n","protected":false},"author":1,"featured_media":0,"parent":116,"menu_order":3,"comment_status":"closed","ping_status":"closed","template":"","meta":{"footnotes":""},"class_list":["post-125","page","type-page","status-publish","hentry"],"_links":{"self":[{"href":"http:\/\/sandro.arcioni.ch\/index.php?rest_route=\/wp\/v2\/pages\/125","targetHints":{"allow":["GET"]}}],"collection":[{"href":"http:\/\/sandro.arcioni.ch\/index.php?rest_route=\/wp\/v2\/pages"}],"about":[{"href":"http:\/\/sandro.arcioni.ch\/index.php?rest_route=\/wp\/v2\/types\/page"}],"author":[{"embeddable":true,"href":"http:\/\/sandro.arcioni.ch\/index.php?rest_route=\/wp\/v2\/users\/1"}],"replies":[{"embeddable":true,"href":"http:\/\/sandro.arcioni.ch\/index.php?rest_route=%2Fwp%2Fv2%2Fcomments&post=125"}],"version-history":[{"count":2,"href":"http:\/\/sandro.arcioni.ch\/index.php?rest_route=\/wp\/v2\/pages\/125\/revisions"}],"predecessor-version":[{"id":452,"href":"http:\/\/sandro.arcioni.ch\/index.php?rest_route=\/wp\/v2\/pages\/125\/revisions\/452"}],"up":[{"embeddable":true,"href":"http:\/\/sandro.arcioni.ch\/index.php?rest_route=\/wp\/v2\/pages\/116"}],"wp:attachment":[{"href":"http:\/\/sandro.arcioni.ch\/index.php?rest_route=%2Fwp%2Fv2%2Fmedia&parent=125"}],"curies":[{"name":"wp","href":"https:\/\/api.w.org\/{rel}","templated":true}]}}